*2 + 5*j + 3. Let h be s(-3). Calculate the highest common divisor of h and a.
8
Let q(g) = 11*g**2 - g + 8. Let a be q(4). Let h(t) = 3*t**2 + 1. Let b be h(-1). Suppose -2*k - 40 = -b*k. What is the highest common divisor of a and k?
20
Let s = 31 + -21. Let b(l) = -2 - 3*l**2 + 16 + 4*l**2 - s*l. Let n be b(10). Calculate the highest common divisor of 42 and n.
14
Suppose 7*z - 84 = 4*z. Suppose 2*i = -z + 40. Suppose -8*r + 4*r = -96. Calculate the greatest common factor of r and i.
6
Suppose 0 = 3*x + 12, 5*v - 41 = -0*x - x. Suppose 0*y - 3*y = 8964. Let j be y/(-30) - 6/10. What is the highest common divisor of v and j?
9
Suppose -365 + 293 = -w. What is the highest common factor of 252 and w?
36
Let v = 22 + -5. Let g = -41 + 62. Suppose 0 = -17*r + g*r - 612. What is the greatest common factor of v and r?
17
Suppose 13*j + 30*j = 1505. Let y be (-16)/6 + (-6)/(-9). Let l be ((-3)/2 + -1)*y. Calculate the highest common factor of j and l.
5
Suppose 3*u - 931 = 2*o - o, 2*u = 4*o + 604. Suppose -181 = -4*m - 5*c, -13*c + 14*c - 122 = -3*m. What is the highest common factor of u and m?
39
Let p(r) = -5*r + 9. Let o be p(-9). Let v be 4/(-1 - 3)*-17. Let s = 23 - v. Calculate the greatest common divisor of s and o.
6
Let g = 0 - -6. Let h = -6 + g. Let p = h + 72. Calculate the highest common factor of 9 and p.
9
Let s = 1205 + -1101. What is the highest common divisor of s and 8?
8
Let v(i) = 2*i**3 - 2*i**2 - 2*i + 4. Let z be v(2). Let m be (z/5)/((-3)/(-45)). What is the greatest common factor of 48 and m?
24
Let u be ((-32)/(-10))/(6/120). Suppose 3*i = u - 7. Calculate the highest common divisor of i and 171.
19
Suppose -3 - 7 = -5*d. Let w(q) = 2*q**d + 10*q**3 - 2 - 6*q + 0*q**2 + 7*q. Let k be w(1). Calculate the highest common factor of k and 11.
11
Let h(q) = 38*q**2 - 3*q - 6. Let t be h(-2). What is the highest common factor of t and 56?
8
Suppose 472 - 556 = -6*k. Calculate the highest common factor of k and 742.
14
Suppose 23*d = 5*j + 20*d - 1776, 0 = -2*j - 4*d + 726. Calculate the greatest common divisor of 119 and j.
119
Suppose -5*o - 10 + 85 = 0. What is the greatest common divisor of 375 and o?
15
Let t(j) = 127*j - 607. Let q be t(5). What is the highest common divisor of 602 and q?
14
Let o = 974 + 1754. Calculate the greatest common divisor of 176 and o.
88
Suppose 5*n + 0*n - 40 = 0. Suppose -z - 5 + 6 = 0. Suppose z - 5 = -4*q. What is the highest common divisor of q and n?
1
Let k = -16 + 396. Calculate the highest common divisor of k and 19.
19
Suppose 6*s - 18*s = -1080. Let u be 2/(-6) + (-31)/(-3). What is the greatest common factor of s and u?
10
Let q(x) = 4*x**2 + 3*x + 19. Let k(r) = 3*r**2 + 4*r + 20. Let a(f) = -6*k(f) + 5*q(f). Let z be a(9). What is the greatest common divisor of 16 and z?
8
Let i = 294 - 208. What is the highest common factor of i and 301?
43
Let t be ((-158)/395)/((-1)/40). Calculate the greatest common divisor of t and 1.
1
Let y = -161 - -201. What is the greatest common factor of 24 and y?
8
Suppose 151*y = 147*y + 2*x + 372, 0 = 5*y + 4*x - 478. Calculate the greatest common factor of 1739 and y.
47
Let l = 105 - 46. Let w = l + -31. Suppose w + 28 = 4*b. What is the greatest common factor of b and 98?
14
Let h = -419 + 428. Calculate the highest common divisor of 162 and h.
9
Suppose 5*k - 264 = -b, -4*b + 34 - 70 = -k. Calculate the greatest common factor of k and 44.
4
Let k(p) = p**3 + 2*p**2 + 110. Let u be k(0). Calculate the highest common divisor of u and 385.
55
Let x be (0 - 6)/((-2)/(-34)*-2). What is the highest common factor of x and 51?
51
Suppose 12*a - 702 = -a. What is the greatest common factor of a and 162?
54
Let m(o) = 5*o**2 - o - 2. Let v(n) = 5*n**2 - n - 2. Let b(k) = 3*m(k) - 2*v(k). Let f be b(2). Calculate the greatest common divisor of 32 and f.
16
Suppose 9*z = 17*z - 312. Calculate the highest common factor of z and 3.
3
Suppose b - y = 4, b + 2*y = y - 6. Suppose -9 = 3*h + j + 3*j, 2*h + 6 = -4*j. Let i be (-21)/((h/(-10))/b). What is the highest common divisor of i and 28?
14
Let j = -717 + 718. What is the highest common divisor of j and 121?
1
Suppose -43 = -0*q - q + 2*f, 3*q - 139 = f. What is the highest common divisor of 376 and q?
47
Let o be 1/((-88)/16) - 36434/(-11). Calculate the greatest common divisor of 144 and o.
144
Suppose -w = 2*w - 12. Suppose -4*n + w = 0, -5*l - 3*n = -0*n + 2. Let x = l + 49. Calculate the greatest common factor of x and 6.
6
Suppose q = -3*q. Suppose 5*i - 2*i - 51 = q. Let c be -3 + 74 + 0 - 3. What is the greatest common divisor of c and i?
17
Let r = 21 - 45. Let i be r/(-5)*540/24. What is the highest common factor of 12 and i?
12
Let j = 42 - 22. Suppose 25*w = j*w + 565. Let f = 171 - w. Calculate the greatest common divisor of f and 145.
29
Let v be 6/(3/((-9)/(-6))). Suppose -2*n + 29 = v*y, -4*y + 3 - 1 = n. Let c = -44 - -46. What is the greatest common factor of c and n?
2
Let c be -6*(-1 - (-6)/9). Let r be 7 - ((-2)/6 + 8/6). Calculate the highest common factor of c and r.
2
Suppose 5*z - 11 + 1 = 0. Let i(a) = -a**3 - 3*a**2 + 2*a - 5. Let t be i(-4). What is the greatest common divisor of t and z?
1
Suppose -3 = -a - 0*a. Suppose 0 = -a*i + 3, -3*i - 20 = -5*f + 12. Let u be (-4)/(-5)*(f + 23). What is the greatest common factor of 48 and u?
24
Suppose 23 + 37 = 4*n. Suppose 8*l - 3*l - 2*f = -31, -3*f = l - 4. Let d be (4/l)/(20/(-150)). Calculate the highest common factor of d and n.
3
Let t = 94 - 136. Let j(z) = -32*z + 4. Let b be j(3). Let r = t - b. What is the highest common divisor of 20 and r?
10
Let m = 1718 - -280. Calculate the greatest common divisor of 74 and m.
74
Let u = 1917 + -1018. Calculate the greatest common divisor of u and 31.
31
Let a = 226 - -29. Calculate the greatest common divisor of a and 30.
15
Let y be (-9)/(17/((-340)/30)). Calculate the highest common divisor of 918 and y.
6
Suppose 0 = 3*n + 9, -16 = -5*v - 0*n - 3*n. Let h be -3*(1 + (-14)/6). Suppose h - 14 = -v*c. What is the greatest common factor of c and 18?
2
Suppose 10*b - 11846 + 636 = 0. Calculate the greatest common divisor of b and 38.
19
Let b = -34 - -72. Let q = 68 - b. Suppose 2*a = -a + q. Calculate the highest common divisor of 4 and a.
2
Let h = 64 + -31. Let m = h - 17. Suppose v + 6 = 4*v. Calculate the highest common divisor of m and v.
2
Suppose -8*q = -q - 133. Calculate the greatest common divisor of 171 and q.
19
Suppose 2*t = 0, -5*v + 285 = -2*t - 2*t. Calculate the greatest common factor of 494 and v.
19
Let z be 1 - -57 - (1 + 0 + 3). What is the greatest common divisor of 414 and z?
18
Let n = 31 - 30. Let v be (4/2 - -3)*n. Suppose -v*c + 4 = -c. Calculate the highest common divisor of c and 2.
1
Suppose -4*c = 18 - 78. Let r(g) = -g**2 + 29*g - 14. Let h be r(c). Calculate the highest common factor of h and 28.
28
Let b = 43 - 27. Let v be (-5)/(-2)*(-8)/(-10). Let h be 4230/33 - v/11. Calculate the highest common factor of h and b.
16
Suppose -19*x - 4*j = -15*x - 132, 3*x = 5*j + 99. What is the highest common factor of 363 and x?
33
Suppose -g = g - 32. Suppose -k - 2*k - 3*z = -33, -3*k = -4*z - 19. Suppose 1 = 5*y - k. What is the highest common divisor of y and g?
2
Let w(s) = 3*s + 23. Let p(t) = -6*t - 44. Let y(o) = 4*p(o) + 9*w(o). Let l be y(11). What is the greatest common divisor of 160 and l?
32
Let y(z) = -5*z - 4. Let a be y(-3). Suppose 253 - 748 = -5*r. What is the highest common divisor of r and a?
11
Let l be 38 - (6/3)/2. Suppose 4*t - 3*j - 749 = 0, t = 5*t - 2*j - 746. What is the greatest common divisor of l and t?
37
Suppose -6*a - 182 = -13*a. Suppose -3*h + 4 = -2*h, 4*h - 406 = -5*p. Calculate the highest common divisor of p and a.
26
Suppose 2*g - 9 = 5*v - 2, 6 = 2*g - 4*v. Suppose n + g = 0, -10 = 2*i - n - 35. What is the greatest common divisor of i and 96?
12
Let i(b) = -3*b**3 + 26*b**2 - 4*b - 33. Let m be i(8). Calculate the highest common divisor of m and 119.
7
Let w be 108/10*(-22 + 931/38). What is the highest common divisor of 2835 and w?
27
Let k be (-1)/((-6)/(-28))*864/(-336). What is the highest common factor of 564 and k?
12
Let o be (13 - (-6 - -9))/((-6)/(-51)). Calculate the greatest common divisor of 34 and o.
17
Let